{"id":879,"date":"2024-01-28T17:24:05","date_gmt":"2024-01-28T17:24:05","guid":{"rendered":"https:\/\/tiendaepico.shop\/index.php\/producto\/bolsa-de-lavado-de-zapatos-portatil\/"},"modified":"2024-01-28T17:27:45","modified_gmt":"2024-01-28T17:27:45","slug":"bolsa-de-lavado-de-zapatos-portatil","status":"publish","type":"product","link":"https:\/\/tiendaepico.shop\/index.php\/producto\/bolsa-de-lavado-de-zapatos-portatil\/","title":{"rendered":"BOLSA DE LAVADO DE ZAPATOS PORTATIL"},"content":{"rendered":"<p>*BOLSA DE LAVADO DE ZAPATOS PORTATIL*<\/p>\n<p>&nbsp;<\/p>\n<p>Lava f\u00e1cilmente tus zapatos en la lavadora sin deteriorarlos dej\u00e1ndolos impecables con esta bolsa de material y forma especial.<\/p>\n<p>La malla cuenta con un separador interior para los zapatos como tambi\u00e9n unas almohadillas en espuma que evitan que los zapatos sean maltratados.<\/p>\n<p>&nbsp;<\/p>\n<p>&#8211; Material: Poli\u00e9ster y espuma<\/p>\n<p>&#8211; Tama\u00f1o Aprox. producto: 28\u00d7<i>26\u00d76cm y \u00a036\u00d730\u00d7<\/i>12cm .<\/p>\n<p>&#8211; Peso: 35 g.<\/p>\n<p>&#8211; La lavadora no se maltratar\u00e1 gracias al dise\u00f1o de la bolsa<\/p>\n<p>&#8211; Cuenta con sujeradores para colgar con ganchos y secar.<\/p>\n<p>&#8211; Tambi\u00e9n puedes usarla para almacenar en el closet.<\/p>\n<p>&#8211; Puedes usarlo para lavar ropa delicada y ropa interior.<\/p>\n<p>&nbsp;<\/p>\n<p>Vienen 2 tama\u00f1os diferentes para cada uno de los tama\u00f1os de tus zapatos<\/p>\n","protected":false},"excerpt":{"rendered":"<p>Lavar tus zapatos ya no es un problema con nuestra Bolsa de Lavado de Zapatos Port\u00e1til. Esta ingeniosa bolsa est\u00e1 dise\u00f1ada para permitir que tus zapatos se laven f\u00e1cilmente en la lavadora, manteni\u00e9ndolos impecables sin temor a da\u00f1os. Hecha de poli\u00e9ster duradero y espuma de alta calidad, esta bolsa garantiza la protecci\u00f3n adecuada para tus preciados zapatos.<\/p>\n<p><strong>Compra con Confianza:<\/strong> Simplifica la tarea de lavar tus zapatos y cuida de ellos con nuestra Bolsa de Lavado de Zapatos Port\u00e1til. \u00a1Compra ahora y descubre una manera conveniente y segura de mantener tus zapatos impecables!<\/p>\n","protected":false},"featured_media":880,"template":"","meta":{"_joinchat":[]},"product_cat":[33],"product_tag":[],"_links":{"self":[{"href":"https:\/\/tiendaepico.shop\/index.php\/wp-json\/wp\/v2\/product\/879"}],"collection":[{"href":"https:\/\/tiendaepico.shop\/index.php\/wp-json\/wp\/v2\/product"}],"about":[{"href":"https:\/\/tiendaepico.shop\/index.php\/wp-json\/wp\/v2\/types\/product"}],"wp:featuredmedia":[{"embeddable":true,"href":"https:\/\/tiendaepico.shop\/index.php\/wp-json\/wp\/v2\/media\/880"}],"wp:attachment":[{"href":"https:\/\/tiendaepico.shop\/index.php\/wp-json\/wp\/v2\/media?parent=879"}],"wp:term":[{"taxonomy":"product_cat","embeddable":true,"href":"https:\/\/tiendaepico.shop\/index.php\/wp-json\/wp\/v2\/product_cat?post=879"},{"taxonomy":"product_tag","embeddable":true,"href":"https:\/\/tiendaepico.shop\/index.php\/wp-json\/wp\/v2\/product_tag?post=879"}],"curies":[{"name":"wp","href":"https:\/\/api.w.org\/{rel}","templated":true}]}}